der when 19353 is divided by 3838.
163
Calculate the remainder when 22571 is divided by 396.
395
Calculate the remainder when 228212 is divided by 1247.
11
Calculate the remainder when 114480 is divided by 1908.
0
Calculate the remainder when 271789 is divided by 638.
1
Calculate the remainder when 2428 is divided by 37.
23
Calculate the remainder when 1086 is divided by 99.
96
Calculate the remainder when 5465 is divided by 115.
60
Calculate the remainder when 9418 is divided by 879.
628
Calculate the remainder when 156165 is divided by 13013.
9
What is the remainder when 26366 is divided by 2197?
2
Calculate the remainder when 376429 is divided by 1037.
1035
What is the remainder when 61386 is divided by 749?
717
What is the remainder when 60849 is divided by 243?
99
Calculate the remainder when 7097 is divided by 7.
6
Calculate the remainder when 9340 is divided by 3104.
28
What is the remainder when 12829 is divided by 43?
15
What is the remainder when 46313 is divided by 1052?
25
What is the remainder when 2921 is divided by 476?
65
What is the remainder when 209660 is divided by 41931?
5
Calculate the remainder when 172603 is divided by 15.
13
Calculate the remainder when 43057 is divided by 706.
697
Calculate the remainder when 22622 is divided by 17.
12
What is the remainder when 43042 is divided by 11?
10
What is the remainder when 2399 is divided by 553?
187
Calculate the remainder when 115604 is divided by 105.
104
Calculate the remainder when 43781 is divided by 438.
419
Calculate the remainder when 43342 is divided by 850.
842
Calculate the remainder when 39715 is divided by 41.
27
Calculate the remainder when 741 is divided by 187.
180
Calculate the remainder when 8062 is divided by 22.
10
What is the remainder when 29718 is divided by 286?
260
Calculate the remainder when 25245 is divided by 8410.
15
Calculate the remainder when 2957 is divided by 658.
325
What is the remainder when 609 is divided by 202?
3
What is the remainder when 190207 is divided by 185?
27
What is the remainder when 55153 is divided by 2121?
7
Calculate the remainder when 2477 is divided by 808.
53
What is the remainder when 6288 is divided by 99?
51
Calculate the remainder when 114626 is divided by 86.
74
What is the remainder when 851 is divided by 771?
80
What is the remainder when 533515 is divided by 36?
31
Calculate the remainder when 12581 is divided by 64.
37
What is the remainder when 1584681 is divided by 134?
131
What is the remainder when 10089 is divided by 22?
13
Calculate the remainder when 10939 is divided by 2.
1
What is the remainder when 10149 is divided by 3370?
39
Calculate the remainder when 1039 is divided by 119.
87
Calculate the remainder when 2588853 is divided by 802.
799
Calculate the remainder when 6466 is divided by 339.
25
Calculate the remainder when 917963 is divided by 6.
5
What is the remainder when 17553 is divided by 2?
1
Calculate the remainder when 54716 is divided by 17.
10
Calculate the remainder when 189915 is divided by 172.
27
Calculate the remainder when 103678 is divided by 15.
13
What is the remainder when 153285 is divided by 36?
33
What is the remainder when 235610 is divided by 116?
14
Calculate the remainder when 36550 is divided by 163.
38
Calculate the remainder when 723 is divided by 10.
3
Calculate the remainder when 3507 is divided by 3098.
409
Calculate the remainder when 306036 is divided by 15.
6
What is the remainder when 28848 is divided by 59?
56
Calculate the remainder when 14048 is divided by 4681.
5
Calculate the remainder when 8918 is divided by 98.
0
Calculate the remainder when 9421 is divided by 27.
25
What is the remainder when 2328 is divided by 159?
102
Calculate the remainder when 74139 is divided by 283.
276
Calculate the remainder when 395748 is divided by 30.
18
Calculate the remainder when 146584 is divided by 48856.
16
Calculate the remainder when 288492 is divided by 146.
142
What is the remainder when 20439 is divided by 6810?
9
What is the remainder when 51824 is divided by 1443?
1319
Calculate the remainder when 29146 is divided by 283.
280
Calculate the remainder when 2245 is divided by 229.
184
Calculate the remainder when 76172 is divided by 129.
62
What is the remainder when 2264 is divided by 81?
77
What is the remainder when 595194 is divided by 28?
26
What is the remainder when 3688 is divided by 726?
58
What is the remainder when 508437 is divided by 41?
37
What is the remainder when 8462 is divided by 110?
102
Calculate the remainder when 56499 is divided by 1228.
11
Calculate the remainder when 734 is divided by 267.
200
Calculate the remainder when 14154 is divided by 51.
27
What is the remainder when 2635 is divided by 282?
97
Calculate the remainder when 102093 is divided by 615.
3
What is the remainder when 5427 is divided by 129?
9
What is the remainder when 122585 is divided by 43?
35
What is the remainder when 21298 is divided by 789?
784
Calculate the remainder when 1057 is divided by 20.
17
Calculate the remainder when 133753 is divided by 94.
85
Calculate the remainder when 37174 is divided by 201.
190
Calculate the remainder when 511 is divided by 87.
76
Calculate the remainder when 4260 is divided by 4165.
95
Calculate the remainder when 7657 is divided by 1091.
20
Calculate the remainder when 74587 is divided by 969.
943
What is the remainder when 86498 is divided by 500?
498
Calculate the remainder when 15828 is divided by 753.
15
Calculate the remainder when 368499 is divided by 863.
861
What is the remainder when 345029 is divided by 68?
65
What is the remainder when 5168 is divided by 105?
23
Calculate the remainder when 8665 is divided by 1237.
6
Calculate the remainder when 13130 is divided by 250.
130
Calculate the remainder when 4457 is divided by 2048.
361
What is the remainder when 9647 is divided by 1063?
80
What is the remainder when 3933334 is divided by 282?
280
Calculate the remainder when 725 is divided by 142.
15
What is the remainder when 498 is divided by 94?
28
Calculate the remainder when 13669 is divided by 1666.
341
What is the remainder when 5132 is divided by 1438?
818
Calculate the remainder when 99063 is divided by 267.
6
Calculate the remainder when 1184503 is divided by 155.
148
What is the remainder when 49337 is divided by 397?
109
Calculate the remainder when 19455 is divided by 9726.
3
Calculate the remainder when 63906 is divided by 3043.
3
Calculate the remainder when 457227 is divided by 9.
0
Calculate the remainder when 75387 is divided by 105.
102
Calculate the remainder when 12196 is divided by 2414.
126
What is the remainder when 9542 is divided by 45?
2
What is the remainder when 74180 is divided by 45?
20
What is the remainder when 198583 is divided by 122?
89
Calculate the remainder when 899696 is divided by 25.
21
What is the remainder when 300044 is divided by 84?
80
What is the remainder when 21360 is divided by 21204?
156
Calculate the remainder when 3624 is divided by 167.
117
What is the remainder when 23255 is divided by 529?
508
Calculate the remainder when 29963 is divided by 599.
13
What is the remainder when 5864 is divided by 2867?
130
What is the remainder when 90745 is divided by 856?
9
Calculate the remainder when 191657 is divided by 28.
25
Calculate the remainder when 234113 is divided by 58526.
9
Calculate the remainder when 4894 is divided by 4851.
43
Calculate the remainder when 132122 is divided by 29.
27
Calculate the remainder when 11413 is divided by 40.
13
Calculate the remainder when 682 is divided by 198.
88
Calculate the remainder when 554 is divided by 279.
275
What is the remainder when 252975 is divided by 23?
21
Calculate the remainder when 73913 is divided by 573.
569
What is the remainder when 171526 is divided by 85756?
14
Calculate the remainder when 6545 is divided by 226.
217
What is the remainder when 54893 is divided by 73?
70
What is the remainder when 29421 is divided by 63?
0
Calculate the remainder when 9805380 is divided by 67.
64
Calculate the remainder when 28775 is divided by 66.
65
Calculate the remainder when 1382 is divided by 453.
23
Calculate the remainder when 405073 is divided by 322.
319
What is the remainder when 4197 is divided by 30?
27
What is the